ded by w.
12
Let r(k) = -k**3 + 8*k**2 + 7*k. Let a(h) = h**3 + 1. Let s(b) = 2*a(b) + r(b). Calculate the remainder when 13 is divided by s(-7).
1
Let f(u) = u**2 + 28*u - 131. Calculate the remainder when f(-33) is divided by 20.
14
Suppose 5*d = 3*c + 18, 1 = -4*d + 3*d - 4*c. Suppose -d*l = -13*l + 1450. What is the remainder when l is divided by 15?
10
Suppose -40*s + 16 = -39*s - 5*g, 5*s - 4*g - 164 = 0. What is the remainder when s is divided by 2/9 + (-196)/(-9)?
14
Let b be (2/(-5))/((-2)/(-10)). Let p = 0 - b. Calculate the remainder when 3 - (p - 0) - -64 is divided by 22.
21
Let c(s) = s**2 - 12*s - 14. Let t be c(11). Calculate the remainder when 5/(t/(-205)) + -4 is divided by 13.
11
Suppose -2*f - 4 = -2*b, b + b = 5*f - 5. Suppose -r - 33 = -5*q, -q - 2*r + 32 = f*q. Calculate the remainder when q is divided by 2.
1
Suppose -25*l - 32 = -27*l. What is the remainder when 3*(186/9 + 0) is divided by l?
14
Let q = -6 + 12. Suppose -q + 30 = 2*t. Calculate the remainder when 21 is divided by t.
9
Let h = 61 - 258. Let r = h - -205. Suppose 0 = -2*p + 5*k + 42, 6*p - 105 = 3*p - 3*k. What is the remainder when p is divided by r?
7
Suppose -1984 = -43*q + 36458. What is the remainder when q is divided by 64?
62
Let r(m) = -m**3 + 7*m**2 + 3*m - 4. Suppose -30 + 10 = -5*k. What is the remainder when r(k) is divided by 16?
8
Suppose 5148 = 36*r + 96*r. Calculate the remainder when 66 is divided by r.
27
Suppose -2*v = -3*s - 260, v + 236 = 3*v + 3*s. Calculate the remainder when v is divided by 21.
19
Let n(c) = 2*c - 8. Let s be n(6). Let g be s + (-4)/(2/(-1)). Calculate the remainder when 98 is divided by -2 + 55/15*g.
18
Let w(u) = u**2 + 10*u - 69. Calculate the remainder when 294 is divided by w(8).
69
Suppose -2*z + 24 = 3*d - 14, 2*d = 8. Let y = 2953 + -2891. Calculate the remainder when y is divided by z.
10
Let o = 15 + 7. Suppose -4*m = 3*s + 13, m - 3*s + 4 + 3 = 0. Calculate the remainder when 6/m - (-393)/6 is divided by o.
20
Suppose -16565 = -62*m - 2305. What is the remainder when m is divided by 17?
9
Let k(d) = 79*d**3. What is the remainder when k(1) is divided by 5 + 24 + (-40)/15*3?
16
Let s = 0 + 4. Suppose -2*c = -s*c + 6. Let l(r) = r**3 + 4*r**2 + 1. What is the remainder when l(-2) is divided by c?
0
Suppose 0 = -9*g + 351 + 2880. Calculate the remainder when g is divided by 91.
86
Let z = -21 - 21. Let k be 1306/(-14) + (-12)/z. Let i = 161 + k. What is the remainder when i is divided by 14?
12
Let g = 4 + 29. Suppose -q = -131 - 0. What is the remainder when q is divided by g?
32
Suppose 2*s = -0*s + 4. Suppose 4*o - 82 = 3*r, -3*r = -s*o + 6*o - 70. Suppose -3*a - 15 = -6*a. Calculate the remainder when o is divided by a.
4
Calculate the remainder when 404 is divided by -5 + 52/1 - 2.
44
Let a(j) = j**3 - 17*j**2 + 4*j. Suppose w - 3*w = 6, w = 3*h - 45. What is the remainder when a(17) is divided by h?
12
Let g be 0 - (-3)/(-2) - (-1930)/(-20). Let k = g - -123. Suppose -5*c + 45 + 0 = 0. What is the remainder when k is divided by c?
7
Suppose 138 + 198 = 2*m. Calculate the remainder when m is divided by 32.
8
Suppose 0*h = -2*h + 12. Suppose -h*q + 50 = -q. Let g = 24 - q. What is the remainder when 25 is divided by g?
11
Let b = -32 - -22. Let d be (b + 1)*-1 + -3. What is the remainder when (-4)/6 - (-442)/d is divided by 15?
13
Suppose 5*i + 35 = 20. Let z(x) = x**3 + 42. Calculate the remainder when z(0) is divided by 3/i - (0 - 12).
9
Let x(j) = j**3 + 6*j**2 - 23*j + 104. What is the remainder when x(7) is divided by 97?
95
Suppose 2*j = -0*j + 4. Suppose 3*l = -0*v - j*v + 8, 1 = -4*l - 5*v. Calculate the remainder when l is divided by (12/(-15))/(12/(-30)).
0
Calculate the remainder when 16992/108 + (-2)/(-3)*1 is divided by 68.
22
Suppose -7*a + 973 = -392. Calculate the remainder when a is divided by 94.
7
Let l(s) = s**3 - 32 + 11*s + 9*s - 11*s - 14*s**2 + 8*s. Calculate the remainder when 58 is divided by l(13).
18
Let c = -834 + 845. Let m(n) = 3*n - 5. Calculate the remainder when c is divided by m(4).
4
Suppose -8*v + 3*v + 15 = 0. Suppose v*c + 2*d - 7 = 2*c, 2*d + 28 = 4*c. Let b = 34 - c. Calculate the remainder when b is divided by 7.
6
Suppose -2*p - 5*d + 11 = -p, -3*p + 44 = 4*d. Let m = p - -87. Suppose m = 3*j + 4*h, -j + 3*h = -17 - 0. Calculate the remainder when 84 is divided by j.
26
Suppose 263*r - 271*r + 3720 = 0. Calculate the remainder when r is divided by 6.
3
Suppose 0 = -5*b + 29 + 986. What is the remainder when b is divided by 17?
16
Calculate the remainder when 1*1*(-12)/4 - -286 is divided by 16.
11
Let v(p) = -2*p**2 + 6*p + 135. Calculate the remainder when v(0) is divided by 17.
16
Let t(w) be the second derivative of w**5/4 - w**4/12 + w**3/6 + w**2/2 - 4*w. Let k be t(-1). Calculate the remainder when 63 + (3 + k)/(-1) is divided by 17.
15
Calculate the remainder when 1/(-5)*(-22795)/47 is divided by 21.
13
Suppose 22 = c - 2*n, c + 38 = 2*c + 2*n. Let l(p) = -60*p + 1076. What is the remainder when l(16) is divided by c?
26
What is the remainder when 73 is divided by (-40)/4*(-30)/50?
1
Let k(r) = -3*r + 171. Let h(j) = -j + 57. Let s(p) = 7*h(p) - 2*k(p). Let n(m) = 16*m - 1. What is the remainder when s(15) is divided by n(1)?
12
Suppose -p - 3*q + 55 = 3*p, 5*p - 68 = -4*q. What is the remainder when 57 is divided by p?
9
Calculate the remainder when 107*(-10)/(-40) - (-1)/4 is divided by 10.
7
Suppose -5*y - 20 = -20. Suppose 5*c - 7*c + 3*m + 38 = y, -2*c + 38 = -4*m. What is the remainder when 93 is divided by c?
17
Let o be 15*(1 + (-50)/15). Let p = 43 + o. What is the remainder when 37 is divided by p?
5
Let u be ((-1)/3)/(5/(-150)). Suppose -5*p = -10*y + 5*y - 35, p - 2*y - 4 = 0. What is the remainder when p is divided by 12/(-5)*u/(-4)?
4
Let p(r) = r**3 + 8*r**2 - 2*r - 4. Let z(b) = -b**3 + 12*b**2 + 41*b - 154. What is the remainder when p(-6) is divided by z(14)?
24
What is the remainder when 1/((-2)/(-4))*(-4161)/(-38) is divided by 10?
9
Suppose 0 = -r - 7*r. Suppose x + 6 - 14 = r. Calculate the remainder when 15 is divided by x.
7
Suppose -312 = -46*q + 148. What is the remainder when 13 is divided by q?
3
Suppose 0*o + o - 44 = 0. Suppose -4*s + 0*q + 37 = -3*q, 5*s - 3*q - o = 0. Calculate the remainder when 18 is divided by s.
4
Let o be (-175)/(-14)*4/(-5). Let p be (0 - (1 - o))*4. Let c = p - -109. What is the remainder when c is divided by 17?
14
What is the remainder when 1 + 4 + (-15)/((-45)/888) is divided by 8?
5
Let c(v) = 5*v - 22. Let h(a) = 20*a - 87. Let s(z) = 18*c(z) - 4*h(z). Calculate the remainder when s(14) is divided by 47.
45
Let i(j) = 7*j - 6. Let n(p) = -6*p + 6. Let t(f) = -4*i(f) - 5*n(f). What is the remainder when t(7) is divided by 5?
3
Suppose 6*c + 32 = -34. Let t(n) = n**2 + 8*n - 24. Suppose -d + 106 = 4*a - 2*d, 0 = 2*a + 5*d - 42. Calculate the remainder when a is divided by t(c).
8
Let r(i) = i**3 - 6*i**2 + 5*i + 4. Suppose -5*x + 36 - 11 = 0. Calculate the remainder when 7 is divided by r(x).
3
Suppose 222 = 4*h - z, 0 = 4*h - 4*z - 0*z - 228. Suppose -6*v = -v - h. Calculate the remainder when 41 is divided by v.
8
Let x be ((-16)/5)/2*10/(-4). Suppose -4*a - 4*i + 24 = -2*i, x*i + 1 = -a. Calculate the remainder when a is divided by 6.
1
Let c(m) = 2*m**2 - m - 10. What is the remainder when c(-7) is divided by 19 + -2 + (-10 + 2 - -3)?
11
Let o(s) = 518*s - 186. What is the remainder when o(6) is divided by 65?
62
Suppose f = -4*n + 51, -64 = -5*n - 7*f + 6*f. Calculate the remainder when 132 is divided by n.
2
Let c = 87 + -37. Calculate the remainder when c is divided by (-13)/(4/((-12)/3)).
11
Suppose -598 = -8*h + 922. What is the remainder when 385 is divided by h?
5
Let l(w) be the second derivative of w**5/2 - w**4/12 - w**3/2 + w**2/2 + 2*w. What is the remainder when l(2) is divided by 18?
17
Suppose z - 4*f + 11 = 0, -f = 3*z - 6*f + 19. Let y(i) = -20*i - 10. What is the remainder when y(z) is divided by 26?
24
Let a(y) = y**3 - 13*y**2 - 14*y + 12. Let i(t) = t**2 + 4*t + 3. Calculate the remainder when a(14) is divided by i(-5).
4
Suppose -3807*c + 3818*c = 121. What is the remainder when 383 is divided by c?
9
Suppose -2*m = -13 + 5. Suppose 0*c = -3*c + m*j + 269, -4*j - 4